ose 0 = r - 240*h + 236*h - 266, 2*h = -r + 296. Calculate the remainder when r is divided by 128.
30
Suppose -50 = -3*d - 2*i - 15, 0 = 5*d + 3*i - 57. Suppose 43 - d = 2*a. Let f = 124 - 74. What is the remainder when f is divided by a?
16
Suppose -233*r + 10475 + 24695 = 6511. What is the remainder when r is divided by 48?
27
Let h(j) = 81*j**3 + j**2 - j + 1. Let k(i) = i**2 + 106*i + 422. Calculate the remainder when h(1) is divided by k(-102).
12
Suppose -21 = -5*y + 74. Let t = -4432 - -4600. Calculate the remainder when t is divided by y.
16
Let v(b) = -b**2 + 15*b + 10. Let d be 42/(-12)*(-2)/(3/3). Calculate the remainder when 989 is divided by v(d).
65
Let c = 68 + -48. Let r(s) = 7*s + 94. What is the remainder when r(-8) is divided by c?
18
Let b(f) = f**3 + 9*f**2 + 11*f - 7. Let d be b(-4). Let a(z) = -5*z + 153. What is the remainder when 173 is divided by a(d)?
5
Suppose -26*z + 157 = 5*u - 28*z, u + 3*z = 45. Calculate the remainder when 12570 is divided by u.
30
Suppose -4*f + 5 + 15 = 0. Suppose -f*y - 4*y = 45. What is the remainder when 4 + y/(5/(-14)) is divided by 7?
4
Calculate the remainder when 938 is divided by 627/88 + 81/(-72).
2
Let c be (-16314)/(-9) - ((-24)/(-9) - 2). Suppose m = -11*m + c. What is the remainder when m is divided by 22?
19
Let k(x) = -10*x + 852. What is the remainder when k(-9) is divided by 135?
132
Suppose 2757 = 73*q + 202. Calculate the remainder when 2482 is divided by q.
32
What is the remainder when 1 + (-10)/22 + (-502213)/(-671) is divided by 16?
13
Suppose u - 2*w - 60 = 1439, 3*u = -3*w + 4479. Suppose -3 = 3*s - 0, 3*s + u = 2*z. Calculate the remainder when z is divided by 17.
15
Let s be (-1)/6 + 106725/(-90). Let h = -694 - s. What is the remainder when h is divided by 55?
52
Suppose 0 = -12*v - 4*v - 699 + 2683. What is the remainder when 412 is divided by v?
40
What is the remainder when 2903 is divided by (-11*(-18)/396)/((-1)/(-18))?
5
Suppose -3*p = -15, 4*p = -21*i + 18*i - 7. Calculate the remainder when 861 is divided by ((-320)/(-30))/((-1)/i).
93
Suppose -2*w + 4 + 8 = 0. Let d = -52 - -129. Suppose -2*j + 2*b = -70, 3*j - 30 = 5*b + d. What is the remainder when j is divided by w?
4
Suppose 4*q + 178 = 2*l, 5*q = 5*l - 7*l + 133. Calculate the remainder when 366 is divided by l.
50
Let f = -168 + 349. Let t = 218 - f. Calculate the remainder when t is divided by 3.
1
Suppose 2*i - 414 = 4*n, n + 2*i + 10 = -101. Let a = n + 131. Calculate the remainder when 296/6 + 2/(-6) is divided by a.
23
Let d be (((-8)/(-20))/(-1)*15)/(-2). What is the remainder when 25 + -1*(-2 - d) is divided by 11?
8
Let a be (-96)/(-30) + (-20)/(-25). Suppose 5 = 3*w - 7, a*n - 3*w - 352 = 0. Calculate the remainder when n is divided by 48.
43
Suppose -2*s = 5*f - 75 + 90, 4*s = -f - 3. Suppose s = 2*b + 2*w - 132, 0*w = 4*w + 4. What is the remainder when b is divided by 9?
4
Let y(j) = -49*j + 105. What is the remainder when 295 is divided by y(2)?
1
Suppose -112 - 1228 = -26*w - 300. What is the remainder when 51 is divided by w?
11
What is the remainder when 1184 is divided by (-120)/(-1) - (22 - (-4 + 22))?
24
Let r be 158/14 + 5/(-70)*4. Suppose -3*m - 176 = -r*m. What is the remainder when 272 is divided by 5/(-6)*m*-3?
52
Let m be 9/6*2504/12. Let p be (-1)/(1 + -2)*(-221 + 2). Let o = p + m. What is the remainder when o is divided by 19?
18
Let l(c) = -c**3 + 15*c**2 - 14*c - 10. Calculate the remainder when l(10) is divided by ((-3)/(42/(-88)))/((-7)/(-49)).
42
Suppose -1237*m = -1236*m + 5*x - 138, -2*x = 0. What is the remainder when 146 is divided by m?
8
Let c = -565 + 793. Suppose 0 = -33*u + 30*u - 4*f + 110, -180 = -4*u + 3*f. Calculate the remainder when c is divided by (9 - 108/6) + u.
30
Let c = -3361 + 3370. Calculate the remainder when 492 is divided by c.
6
Suppose z + z - 58 = 0. Let r = z - 24. Suppose -7*u + 5*u - 3*i = -25, 2*i = -2*u + 22. Calculate the remainder when u is divided by r.
3
Let y(d) = -d**3 + 12*d**2 - 6*d - 1. Suppose u + 2*v - 38 = 0, 0 = 10*u - 14*u + 5*v + 74. What is the remainder when y(11) is divided by u?
2
Let z = -274 - -148. Let w = -116 - z. Suppose 16 = 3*i - 101. What is the remainder when i is divided by w?
9
Let v = -1664 - -1688. Calculate the remainder when 158 is divided by v.
14
Let w(o) = 23*o**2 - 422*o - 32. Calculate the remainder when w(19) is divided by 121.
11
Let k(j) be the third derivative of j**5/60 - j**4/4 - 3*j**3/2 - j**2 - 2. What is the remainder when k(-5) is divided by 6?
4
Let o(q) = 35*q**2 + 3*q - 13. Let r be o(4). Suppose -r = b - 664. What is the remainder when b is divided by 30?
15
Suppose 6 = 43*c - 40*c. Suppose 2*k - 335 = -c*k - 5*o, -2*k = 4*o - 172. Calculate the remainder when k is divided by 14.
10
Let v = 152 - -6. Let h(w) = -w**2 + 8*w - 20. Let b be h(4). Calculate the remainder when v is divided by (b/(-16) + (5 - 4))*32.
38
Suppose -4*p + 3*g = -12, -3*p = -p - 4*g - 16. Suppose p*u + 8*u = 288. Suppose -u = -2*k - 14. Calculate the remainder when 21 is divided by k.
10
Let v = -123283 + 123322. Suppose 2*m + 7 = 3*m. What is the remainder when v is divided by m?
4
Let c be (-2)/20 - (-31105)/50. Suppose -c = 6*h - 904. What is the remainder when h is divided by 2?
1
Calculate the remainder when 7/((-7)/(-4)) + 30 is divided by (-152)/24 + 6 + (-66)/(-9).
6
Let d = -1912 + 1837. Let n = 38 - 120. Let x = d - n. What is the remainder when 34 is divided by x?
6
Suppose 21 = -i + 5*q, 1 = -q + 6. Let b = -147 - -143. What is the remainder when i is divided by ((-9)/b)/((-48)/(-64))?
1
Calculate the remainder when 604 is divided by 56/12*9 - -5.
40
Suppose q + 11*z = 16*z + 874, z = -5. Calculate the remainder when q is divided by 50.
49
Let h(z) = 11*z**2 - 3. Let g be 1/((-6)/8)*6/4. Suppose -4*w + 44 = -2*w. Calculate the remainder when h(g) is divided by w.
19
Let t(f) = -f**3 + f**2 - 52*f - 51. Calculate the remainder when 203 is divided by t(-1).
2
Let w = -1427 - -1519. What is the remainder when 471 is divided by w?
11
Let z = 2279 - 2260. Let q(r) = r**3 + 13*r**2 - 3*r - 8. Calculate the remainder when q(-13) is divided by z.
12
Suppose -7*u - 12*u = 811 - 3205. Calculate the remainder when u is divided by 32.
30
Suppose 2*q - 1530 = -4*t, -381 = 37*t - 38*t - q. Calculate the remainder when t is divided by 86.
40
Let t(r) = r**3 + 26*r**2 - 156*r - 23. Calculate the remainder when t(-28) is divided by 33.
5
Let n(d) = 2*d**2 + 22*d + 3. Let r be n(-11). Let k(b) = 36 - 16 - 3*b**2 + 0*b + b**3 - 2*b + r*b. Calculate the remainder when k(0) is divided by 8.
4
Suppose -k = -630 + 277. What is the remainder when k is divided by 334?
19
Let i = 4078 + -4016. Calculate the remainder when 565 is divided by i.
7
Let b = 31 + -23. Let o(v) = -5*v - 10. Let u be o(-2). Suppose u = 6*m - 93 - 81. What is the remainder when m is divided by b?
5
Let q be (-4 - 119/(-35)) + 13/5. Suppose 0*y = 5*y. Suppose -4*u - 5*b + 3*b = -298, y = q*b - 10. Calculate the remainder when u is divided by 15.
12
Suppose 601 = 21*x - 302. Suppose -36 = -3*s + 5*m, 5*m + 60 = 5*s + 2*m. Calculate the remainder when x is divided by s.
7
Let l be (-2028)/(-104)*(-208)/6. Let s = l + 781. What is the remainder when s is divided by 28?
21
Suppose -12*u + 7*u - 5*o = -50, 0 = -2*u + 3*o. Suppose u*s = s - 4*z + 55, 2*z = -3*s + 31. Calculate the remainder when s is divided by 4.
3
Suppose 0 = 4*s - 3*v - 77 - 46, -4*s - 2*v = -118. Let k = s - -92. Calculate the remainder when k is divided by 27.
14
Suppose 0 = l + 4. What is the remainder when -19*l*20/16 is divided by 53?
42
Suppose 0 = -3*q + 6*q - 45. Suppose c - 6700 = 9*c - 58*c. Calculate the remainder when c is divided by q.
14
Suppose -846 = -9001*q + 8998*q. What is the remainder when q is divided by 21?
9
Let u = 28 - 14. Suppose 5*m + 4*k = 135, -27 = -m + 2*k - 6*k. What is the remainder when m is divided by u?
13
Suppose 5*b - 3729 = 3*n + 1616, 3*b + 2*n - 3226 = 0. Calculate the remainder when b is divided by 25.
22
Let z(p) = 29*p**2 + p - 3. Let l be (-6)/15 - 1242/(-5). Suppose w = -n + 122, n = -n + 2*w + l. Calculate the remainder when n is divided by z(-1).
23
Suppose -30 = -8*r + 2*r. Suppose -4*s = r*x - 227, -7*x + 4*s = -2*x - 203. Calcu